 is the tens digit of 10456871?
7
What is the millions digit of 30452921?
0
What is the tens digit of 287600?
0
What is the thousands digit of 231910?
1
What is the units digit of 1018598?
8
What is the hundred thousands digit of 515412?
5
What is the units digit of 134162?
2
What is the ten thousands digit of 1512008?
1
What is the thousands digit of 802407?
2
What is the thousands digit of 116709?
6
What is the hundreds digit of 904701?
7
What is the ten thousands digit of 278768?
7
What is the hundred thousands digit of 4113698?
1
What is the tens digit of 499289?
8
What is the thousands digit of 176708?
6
What is the ten thousands digit of 2597239?
9
What is the thousands digit of 92297?
2
What is the hundreds digit of 269691?
6
What is the units digit of 276397?
7
What is the tens digit of 242432?
3
What is the ten thousands digit of 420656?
2
What is the millions digit of 5325334?
5
What is the ten thousands digit of 208824?
0
What is the thousands digit of 17617092?
7
What is the millions digit of 21022510?
1
What is the units digit of 1358489?
9
What is the tens digit of 21833?
3
What is the ten thousands digit of 91404?
9
What is the hundreds digit of 189105?
1
What is the hundred thousands digit of 256753?
2
What is the millions digit of 38115541?
8
What is the hundred thousands digit of 8938498?
9
What is the hundreds digit of 369439?
4
What is the ten thousands digit of 12859334?
5
What is the units digit of 367034?
4
What is the ten thousands digit of 273118?
7
What is the thousands digit of 1913759?
3
What is the millions digit of 1883725?
1
What is the units digit of 500902?
2
What is the hundreds digit of 12453?
4
What is the thousands digit of 291330?
1
What is the hundred thousands digit of 2630165?
6
What is the units digit of 337151?
1
What is the tens digit of 62740?
4
What is the thousands digit of 1092558?
2
What is the tens digit of 616224?
2
What is the units digit of 180169?
9
What is the tens digit of 63755?
5
What is the thousands digit of 3490931?
0
What is the thousands digit of 149487?
9
What is the units digit of 1575926?
6
What is the units digit of 1177067?
7
What is the hundreds digit of 448404?
4
What is the thousands digit of 49090?
9
What is the hundred thousands digit of 646480?
6
What is the ten thousands digit of 14483573?
8
What is the units digit of 339536?
6
What is the thousands digit of 61180?
1
What is the units digit of 119933?
3
What is the thousands digit of 8346107?
6
What is the units digit of 320189?
9
What is the millions digit of 1178712?
1
What is the hundred thousands digit of 12991042?
9
What is the tens digit of 9241298?
9
What is the hundred thousands digit of 126720?
1
What is the thousands digit of 34552643?
2
What is the units digit of 206237?
7
What is the millions digit of 8036403?
8
What is the hundreds digit of 8386857?
8
What is the tens digit of 2179447?
4
What is the ten thousands digit of 214053?
1
What is the millions digit of 6610983?
6
What is the units digit of 6598546?
6
What is the units digit of 256423?
3
What is the ten thousands digit of 641331?
4
What is the ten millions digit of 12178944?
1
What is the tens digit of 90181?
8
What is the hundred thousands digit of 1940042?
9
What is the hundred thousands digit of 821641?
8
What is the hundred thousands digit of 209304?
2
What is the ten thousands digit of 168995?
6
What is the thousands digit of 9497649?
7
What is the tens digit of 1140718?
1
What is the hundreds digit of 135331?
3
What is the hundreds digit of 261144?
1
What is the units digit of 123573?
3
What is the tens digit of 428812?
1
What is the millions digit of 33376490?
3
What is the tens digit of 810024?
2
What is the ten thousands digit of 2347465?
4
What is the hundreds digit of 896633?
6
What is the ten millions digit of 23426776?
2
What is the ten thousands digit of 1023090?
2
What is the hundreds digit of 3088372?
3
What is the units digit of 1134362?
2
What is the hundreds digit of 8259984?
9
What is the units digit of 1772349?
9
What is the hundreds digit of 317017?
0
What is the ten thousands digit of 365930?
6
What is the thousands digit of 53920?
3
What is the tens digit of 407187?
8
What is the thousands digit of 64343?
4
What is the thousands digit of 915909?
5
What is the ten thousands digit of 1536216?
3
What is the millions digit of 3666234?
3
What is the hundreds digit of 226733?
7
What is the ten thousands digit of 1977438?
7
What is the hundred thousands digit of 418172?
4
What is the ten thousands digit of 863264?
6
What is the hundreds digit of 1474843?
8
What is the thousands digit of 1434?
1
What is the tens digit of 2174283?
8
What is the thousands digit of 6780609?
0
What is the units digit of 101397?
7
What is the thousands digit of 7830697?
0
What is the tens digit of 307467?
6
What is the tens digit of 1329299?
9
What is the units digit of 38625?
5
What is the units digit of 922984?
4
What is the hundreds digit of 168384?
3
What is the units digit of 2420460?
0
What is the thousands digit of 137774?
7
What is the ten thousands digit of 457126?
5
What is the hundred thousands digit of 1298203?
2
What is the tens digit of 723174?
7
What is the thousands digit of 25269518?
9
What is the thousands digit of 30340866?
0
What is the hundred thousands digit of 530549?
5
What is the ten thousands digit of 254851?
5
What is the tens digit of 1026350?
5
What is the units digit of 130390?
0
What is the hundred thousands digit of 3164385?
1
What is the ten thousands digit of 117049?
1
What is the millions digit of 2162199?
2
What is the tens digit of 149665?
6
What is the ten thousands digit of 195571?
9
What is the millions digit of 2197390?
2
What is the hundred thousands digit of 787792?
7
What is the thousands digit of 15761515?
1
What is the ten thousands digit of 504112?
0
What is the hundreds digit of 129986?
9
What is the ten thousands digit of 6326171?
2
What is the hundreds digit of 34317?
3
What is the units digit of 246173?
3
What is the hundreds digit of 347156?
1
What is the tens digit of 485402?
0
What is the units digit of 1209485?
5
What is the hundred thousands digit of 568304?
5
What is the hundred thousands digit of 206347?
2
What is the millions digit of 2064656?
2
What is the ten thousands digit of 777251?
7
What is the tens digit of 137062?
6
What is the units digit of 2040913?
3
What is the hundred thousands digit of 24548271?
5
What is the tens digit of 456182?
8
What is the hundred thousands digit of 3705668?
7
What is the thousands digit of 3017065?
7
What is the hundreds digit of 7697002?
0
What is the hundreds digit of 390212?
2
What is the units digit of 1190863?
3
What is the tens digit of 1041635?
3
What is the units digit of 128707?
7
What is the ten thousands digit of 43009?
4
What is the units digit of 1756553?
3
What is the tens digit of 61698?
9
What is the tens digit of 755751?
5
What is the hundred thousands digit of 141997?
1
What is the hundreds digit of 1718155?
1
What is the units digit of 246755?
5
What is the hundred thousands digit of 318138?
3
What is the units digit of 460795?
5
What is the thousands digit of 79412?
9
What is the thousands digit of 22995353?
5
What is the units digit of 11091487?
7
What is the units digit of 515141?
1
What is the thousands digit of 458906?
8
What is the hundreds digit of 37718?
7
What is the tens digit of 294082?
8
What is the hundred thousands digit of 233318?
2
What is the ten thousands digit of 575494?
7
What is the thousands digit of 521492?
1
What is the millions digit of 4823873?
4
What is the millions digit of 7365315?
7
What is the hundreds digit of 7716427?
4
What is the units digit of 3694898?
8
What is the hundred thousands digit of 1513238?
5
What is the ten thousands digit of 731996?
3
What is the thousands digit of 1769239?
9
What is the tens digit of 9875323?
2
What is the tens digit of 423648?
4
What is the thousands digit of 3729768?
9
What is the units digit of 5303509?
9
What is the units digit of 531959?
9
What is the thousands digit of 510212?
0
What is the ten thousands digit of 15413?
1
What is the ten thousands digit of 1369089?
6
What is the hundred thousands digit of 547432?
5
What is the thousands digit of 3767748?
7
What is 